{"id":1289,"date":"2025-08-05T13:25:07","date_gmt":"2025-08-05T10:25:07","guid":{"rendered":"https:\/\/www.compassreklam.com\/?post_type=product&amp;p=873"},"modified":"2025-08-05T13:25:07","modified_gmt":"2025-08-05T10:25:07","slug":"dijital-baski-makinesi-kahverengi","status":"publish","type":"product","link":"https:\/\/folyokesimmakinesi.com\/index.php\/urun\/dijital-baski-makinesi-kahverengi\/","title":{"rendered":"XL-1680Q\u30011930Q\u30012200Q\/F1080\u3001I3200 INDOOR\u3001OUTDOOR\u3001UV D\u0130J\u0130TAL BASKI MAK\u0130NES\u0130"},"content":{"rendered":"<h3 style=\"text-align: center;\" data-start=\"646\" data-end=\"1068\"><strong>End\u00fcstriyel dijital bask\u0131 makinesi compass reklam\u00a0<\/strong><\/h3>\n<p style=\"text-align: center;\" data-start=\"646\" data-end=\"1068\">Yeni nesil dijital bask\u0131 makinesi , geni\u015f bask\u0131 kapasitesi ve ileri seviye teknolojisi ile profesyonel \u00fcretim s\u00fcre\u00e7lerine \u00e7\u00f6z\u00fcm sunar. Homojen \u0131s\u0131 da\u011f\u0131l\u0131m\u0131, \u00e7ift motorlu iletim sistemi, g\u00fc\u00e7l\u00fc Hansen kart\u0131 ve otomatik bak\u0131m istasyonu sayesinde y\u00fcksek verimlilik sa\u011flar. <strong data-start=\"914\" data-end=\"940\">Antalya merkez \u00e7\u0131k\u0131\u015fl\u0131<\/strong>, T\u00fcrkiye geneline <strong data-start=\"959\" data-end=\"980\">\u00fccretsiz g\u00f6nderim<\/strong> yap\u0131lmaktad\u0131r. Ayr\u0131ca <strong data-start=\"1003\" data-end=\"1033\">7\/24 teknik servis deste\u011fi<\/strong> ile sat\u0131\u015f sonras\u0131 da yan\u0131n\u0131zday\u0131z.<\/p>\n<hr data-start=\"1070\" data-end=\"1073\" \/>\n<h4 style=\"text-align: center;\" data-start=\"1075\" data-end=\"1105\"><\/h4>\n<p style=\"text-align: center;\"><img loading=\"lazy\" decoding=\"async\" class=\"aligncenter size-full wp-image-837\" src=\"http:\/\/www.compassreklam.com\/wp-content\/uploads\/2025\/08\/1699173153889768-1.png\" alt=\"\" width=\"900\" height=\"666\" srcset=\"https:\/\/folyokesimmakinesi.com\/wp-content\/uploads\/2025\/08\/1699173153889768-1.png 900w, https:\/\/folyokesimmakinesi.com\/wp-content\/uploads\/2025\/08\/1699173153889768-1-300x222.png 300w, https:\/\/folyokesimmakinesi.com\/wp-content\/uploads\/2025\/08\/1699173153889768-1-768x568.png 768w, https:\/\/folyokesimmakinesi.com\/wp-content\/uploads\/2025\/08\/1699173153889768-1-600x444.png 600w\" sizes=\"(max-width: 900px) 100vw, 900px\" \/><img loading=\"lazy\" decoding=\"async\" class=\"size-large wp-image-850 aligncenter\" src=\"http:\/\/www.compassreklam.com\/wp-content\/uploads\/2025\/08\/1680Q-1024x1007.png\" alt=\"\" width=\"1024\" height=\"1007\" \/><\/p>\n<h4 style=\"text-align: center;\" data-start=\"1075\" data-end=\"1105\"><strong data-start=\"1083\" data-end=\"1105\">Teknik \u00d6zellikler:<\/strong><\/h4>\n<ol style=\"text-align: center;\" data-start=\"1107\" data-end=\"1929\">\n<li data-start=\"1107\" data-end=\"1223\">\n<p data-start=\"1110\" data-end=\"1137\"><strong data-start=\"1110\" data-end=\"1135\">Ak\u0131ll\u0131 Is\u0131tma Sistemi<\/strong><\/p>\n<ul data-start=\"1141\" data-end=\"1223\">\n<li style=\"list-style-type: none;\">\n<ul data-start=\"1141\" data-end=\"1223\">\n<li data-start=\"1141\" data-end=\"1170\">\n<p data-start=\"1143\" data-end=\"1170\">Geni\u015f alanl\u0131 plaka \u0131s\u0131tma<\/p>\n<\/li>\n<li data-start=\"1174\" data-end=\"1223\">\n<p data-start=\"1176\" data-end=\"1223\">\u00d6n\/arka b\u00f6lgelerde ba\u011f\u0131ms\u0131z s\u0131cakl\u0131k kontrol\u00fc<\/p>\n<\/li>\n<\/ul>\n<\/li>\n<\/ul>\n<p>&nbsp;<\/li>\n<li data-start=\"1225\" data-end=\"1346\">\n<p data-start=\"1228\" data-end=\"1258\"><strong data-start=\"1228\" data-end=\"1256\">Giri\u015f ve \u00c7\u0131k\u0131\u015f Platformu<\/strong><\/p>\n<ul data-start=\"1262\" data-end=\"1346\">\n<li data-start=\"1262\" data-end=\"1296\">\n<p data-start=\"1264\" data-end=\"1296\">Yeni al\u00fcminyum profil tasar\u0131m\u0131<\/p>\n<\/li>\n<li data-start=\"1300\" data-end=\"1346\">\n<p data-start=\"1302\" data-end=\"1346\">Oluklu ka\u011f\u0131t yap\u0131s\u0131yla daha stabil \u00e7al\u0131\u015fma<\/p>\n<\/li>\n<\/ul>\n<\/li>\n<li data-start=\"1348\" data-end=\"1464\">\n<p data-start=\"1351\" data-end=\"1381\"><strong data-start=\"1351\" data-end=\"1379\">M\u00fcrekkep Besleme Sistemi<\/strong><\/p>\n<ul data-start=\"1385\" data-end=\"1464\">\n<li data-start=\"1385\" data-end=\"1423\">\n<p data-start=\"1387\" data-end=\"1423\">\u00d6n yerle\u015fimli \u00e7ift m\u00fcrekkep \u015fi\u015fesi<\/p>\n<\/li>\n<li data-start=\"1427\" data-end=\"1464\">\n<p data-start=\"1429\" data-end=\"1464\">S\u00fcrekli ve dengeli m\u00fcrekkep ak\u0131\u015f\u0131<\/p>\n<\/li>\n<\/ul>\n<\/li>\n<li data-start=\"1466\" data-end=\"1570\">\n<p data-start=\"1469\" data-end=\"1506\"><strong data-start=\"1469\" data-end=\"1504\">Y\u00fckseltilebilir Bak\u0131m \u0130stasyonu<\/strong><\/p>\n<ul data-start=\"1510\" data-end=\"1570\">\n<li data-start=\"1510\" data-end=\"1542\">\n<p data-start=\"1512\" data-end=\"1542\">Kolay ayar, dengeli kald\u0131rma<\/p>\n<\/li>\n<li data-start=\"1546\" data-end=\"1570\">\n<p data-start=\"1548\" data-end=\"1570\">M\u00fcrekkep stabilitesi<\/p>\n<\/li>\n<\/ul>\n<\/li>\n<li data-start=\"1572\" data-end=\"1685\">\n<p data-start=\"1575\" data-end=\"1600\"><strong data-start=\"1575\" data-end=\"1598\">Kart Yap\u0131land\u0131rmas\u0131<\/strong><\/p>\n<ul data-start=\"1604\" data-end=\"1685\">\n<li data-start=\"1604\" data-end=\"1640\">\n<p data-start=\"1606\" data-end=\"1640\">Y\u00fcksek performansl\u0131 Hansen kart\u0131<\/p>\n<\/li>\n<li data-start=\"1644\" data-end=\"1685\">\n<p data-start=\"1646\" data-end=\"1685\">Foto\u011fraf end\u00fcstrisine \u00f6zel hassasiyet<\/p>\n<\/li>\n<\/ul>\n<\/li>\n<li data-start=\"1687\" data-end=\"1787\">\n<p data-start=\"1690\" data-end=\"1715\"><strong data-start=\"1690\" data-end=\"1713\">G\u00fc\u00e7 Kayna\u011f\u0131 Sistemi<\/strong><\/p>\n<ul data-start=\"1719\" data-end=\"1787\">\n<li data-start=\"1719\" data-end=\"1743\">\n<p data-start=\"1721\" data-end=\"1743\">Filtreli g\u00fc\u00e7 kayna\u011f\u0131<\/p>\n<\/li>\n<li data-start=\"1747\" data-end=\"1787\">\n<p data-start=\"1749\" data-end=\"1787\">Elektriksel parazitlere kar\u015f\u0131 koruma<\/p>\n<\/li>\n<\/ul>\n<\/li>\n<li data-start=\"1789\" data-end=\"1929\">\n<p data-start=\"1792\" data-end=\"1822\"><strong data-start=\"1792\" data-end=\"1820\">\u0130letim (Besleme) Sistemi<\/strong><\/p>\n<ul data-start=\"1826\" data-end=\"1929\">\n<li data-start=\"1826\" data-end=\"1858\">\n<p data-start=\"1828\" data-end=\"1858\">\u00c7ift tarafl\u0131 da\u011f\u0131t\u0131m sistemi<\/p>\n<\/li>\n<li data-start=\"1862\" data-end=\"1893\">\n<p data-start=\"1864\" data-end=\"1893\">Tek kafa: Luehdorfia 15 RPM<\/p>\n<\/li>\n<li data-start=\"1897\" data-end=\"1929\">\n<p data-start=\"1899\" data-end=\"1929\">\u00c7ift kafa: Luehdorfia 25 RPM<\/p>\n<\/li>\n<\/ul>\n<\/li>\n<\/ol>\n<hr data-start=\"1931\" data-end=\"1934\" \/>\n<h4 style=\"text-align: center;\" data-start=\"1936\" data-end=\"1966\"><strong data-start=\"1944\" data-end=\"1966\">Kullan\u0131m Alanlar\u0131:<\/strong><\/h4>\n<p style=\"text-align: center;\" data-start=\"1968\" data-end=\"2044\">Bu dijital bask\u0131 makinesi a\u015fa\u011f\u0131daki sekt\u00f6rlerde aktif olarak kullan\u0131labilir:<\/p>\n<ul style=\"text-align: center;\" data-start=\"2046\" data-end=\"2318\">\n<li data-start=\"2046\" data-end=\"2075\">\n<p data-start=\"2048\" data-end=\"2075\"><strong data-start=\"2048\" data-end=\"2073\">Tabela ve Reklamc\u0131l\u0131k<\/strong><\/p>\n<\/li>\n<li data-start=\"2076\" data-end=\"2111\">\n<p data-start=\"2078\" data-end=\"2111\"><strong data-start=\"2078\" data-end=\"2109\">Ara\u00e7 kaplama ve folyo bask\u0131<\/strong><\/p>\n<\/li>\n<li data-start=\"2112\" data-end=\"2146\">\n<p data-start=\"2114\" data-end=\"2146\"><strong data-start=\"2114\" data-end=\"2144\">Promosyon \u00fcr\u00fcnleri \u00fcretimi<\/strong><\/p>\n<\/li>\n<li data-start=\"2147\" data-end=\"2180\">\n<p data-start=\"2149\" data-end=\"2180\"><strong data-start=\"2149\" data-end=\"2178\">Etiket ve sticker bask\u0131s\u0131<\/strong><\/p>\n<\/li>\n<li data-start=\"2181\" data-end=\"2240\">\n<p data-start=\"2183\" data-end=\"2240\"><strong data-start=\"2183\" data-end=\"2238\">Tekstil transfer bask\u0131 (flex, flock, reflektif vb.)<\/strong><\/p>\n<\/li>\n<li data-start=\"2241\" data-end=\"2276\">\n<p data-start=\"2243\" data-end=\"2276\"><strong data-start=\"2243\" data-end=\"2274\">Ambalaj ve kutu tasar\u0131mlar\u0131<\/strong><\/p>\n<\/li>\n<li data-start=\"2277\" data-end=\"2318\">\n<p data-start=\"2279\" data-end=\"2318\"><strong data-start=\"2279\" data-end=\"2318\">Poster, afi\u015f ve i\u00e7 mekan g\u00f6rselleri<\/strong><\/p>\n<\/li>\n<\/ul>\n<hr data-start=\"2320\" data-end=\"2323\" \/>\n<h4 style=\"text-align: center;\" data-start=\"2325\" data-end=\"2370\">\ud83d\ude9a <strong data-start=\"2333\" data-end=\"2370\">\u00dccretsiz Kargo &amp; Servis Avantaj\u0131:<\/strong><\/h4>\n<ul data-start=\"2372\" data-end=\"2519\">\n<li style=\"text-align: center;\" data-start=\"2372\" data-end=\"2412\">\n<p data-start=\"2374\" data-end=\"2412\">T\u00fcrkiye geneli <strong data-start=\"2389\" data-end=\"2410\">\u00fccretsiz g\u00f6nderim<\/strong><\/p>\n<\/li>\n<li style=\"text-align: center;\" data-start=\"2413\" data-end=\"2455\">\n<p data-start=\"2415\" data-end=\"2455\"><strong data-start=\"2415\" data-end=\"2453\">Antalya merkez \u00e7\u0131k\u0131\u015fl\u0131 h\u0131zl\u0131 kargo<\/strong><\/p>\n<\/li>\n<li style=\"text-align: center;\" data-start=\"2456\" data-end=\"2482\">\n<p data-start=\"2458\" data-end=\"2482\"><strong data-start=\"2458\" data-end=\"2480\">7\/24 teknik destek<\/strong><\/p>\n<\/li>\n<li data-start=\"2483\" data-end=\"2519\">\n<p style=\"text-align: center;\" data-start=\"2485\" data-end=\"2519\"><strong data-start=\"2485\" data-end=\"2519\">Yedek par\u00e7a ve bak\u0131m garantisi<\/strong><\/p>\n<\/li>\n<\/ul>\n","protected":false},"excerpt":{"rendered":"<h3 style=\"text-align: center;\" data-start=\"646\" data-end=\"1068\"><strong>End\u00fcstriyel dijital bask\u0131 makinesi compass reklam\u00a0<\/strong><\/h3>\n<p>Yeni nesil dijital bask\u0131 makinesi , geni\u015f bask\u0131 kapasitesi ve ileri seviye teknolojisi ile profesyonel \u00fcretim s\u00fcre\u00e7lerine \u00e7\u00f6z\u00fcm sunar. Homojen \u0131s\u0131 da\u011f\u0131l\u0131m\u0131, \u00e7ift motorlu iletim sistemi, g\u00fc\u00e7l\u00fc Hansen kart\u0131 ve otomatik bak\u0131m istasyonu sayesinde y\u00fcksek verimlilik sa\u011flar. <strong data-start=\"914\" data-end=\"940\">Antalya merkez \u00e7\u0131k\u0131\u015fl\u0131<\/strong>, T\u00fcrkiye geneline <strong data-start=\"959\" data-end=\"980\">\u00fccretsiz g\u00f6nderim<\/strong> yap\u0131lmaktad\u0131r. Ayr\u0131ca <strong data-start=\"1003\" data-end=\"1033\">7\/24 teknik servis deste\u011fi<\/strong> ile sat\u0131\u015f sonras\u0131 da yan\u0131n\u0131zday\u0131z.<\/p>\n","protected":false},"featured_media":927,"comment_status":"open","ping_status":"closed","template":"","meta":{"saved_in_kubio":false},"product_brand":[28],"product_cat":[29],"product_tag":[30,31,32,33,34,35,36,37,38,39,40],"class_list":{"0":"post-1289","1":"product","2":"type-product","3":"status-publish","4":"has-post-thumbnail","6":"product_brand-compass","7":"product_cat-baski-makineleri","8":"product_tag-10-yil-parca-temin-garantisi","9":"product_tag-7-24-teknik-destek","10":"product_tag-baski-teknolojisi","11":"product_tag-dijital-baski-makinesi","12":"product_tag-eco-solvent","13":"product_tag-endustriyel-baski","14":"product_tag-hizli-baski","15":"product_tag-i3200-kafali-makine","16":"product_tag-kredi-karti-taksit","17":"product_tag-ucretsiz-kurulum","18":"product_tag-yuksek-cozunurluk","20":"first","21":"outofstock","22":"sale","23":"shipping-taxable","24":"purchasable","25":"product-type-simple"},"jetpack_sharing_enabled":true,"_links":{"self":[{"href":"https:\/\/folyokesimmakinesi.com\/index.php\/wp-json\/wp\/v2\/product\/1289","targetHints":{"allow":["GET"]}}],"collection":[{"href":"https:\/\/folyokesimmakinesi.com\/index.php\/wp-json\/wp\/v2\/product"}],"about":[{"href":"https:\/\/folyokesimmakinesi.com\/index.php\/wp-json\/wp\/v2\/types\/product"}],"replies":[{"embeddable":true,"href":"https:\/\/folyokesimmakinesi.com\/index.php\/wp-json\/wp\/v2\/comments?post=1289"}],"wp:featuredmedia":[{"embeddable":true,"href":"https:\/\/folyokesimmakinesi.com\/index.php\/wp-json\/wp\/v2\/media\/927"}],"wp:attachment":[{"href":"https:\/\/folyokesimmakinesi.com\/index.php\/wp-json\/wp\/v2\/media?parent=1289"}],"wp:term":[{"taxonomy":"product_brand","embeddable":true,"href":"https:\/\/folyokesimmakinesi.com\/index.php\/wp-json\/wp\/v2\/product_brand?post=1289"},{"taxonomy":"product_cat","embeddable":true,"href":"https:\/\/folyokesimmakinesi.com\/index.php\/wp-json\/wp\/v2\/product_cat?post=1289"},{"taxonomy":"product_tag","embeddable":true,"href":"https:\/\/folyokesimmakinesi.com\/index.php\/wp-json\/wp\/v2\/product_tag?post=1289"}],"curies":[{"name":"wp","href":"https:\/\/api.w.org\/{rel}","templated":true}]}}