{"id":1293,"date":"2025-08-30T10:22:13","date_gmt":"2025-08-30T07:22:13","guid":{"rendered":"https:\/\/www.compassreklam.com\/?post_type=product&amp;p=1015"},"modified":"2025-08-30T10:22:13","modified_gmt":"2025-08-30T07:22:13","slug":"compass-uv-9060-uv-baski-makinesi","status":"publish","type":"product","link":"https:\/\/folyokesimmakinesi.com\/index.php\/urun\/compass-uv-9060-uv-baski-makinesi\/","title":{"rendered":"COMPASS UV 9060 UV BASKI MAK\u0130NES\u0130"},"content":{"rendered":"<p>&nbsp;<\/p>\n<p><img loading=\"lazy\" decoding=\"async\" class=\"aligncenter size-full wp-image-1021\" style=\"color: #ff0000; font-family: 'arial black', sans-serif; font-size: large; text-align: center;\" src=\"http:\/\/www.compassreklam.com\/wp-content\/uploads\/2025\/08\/WhatsApp-Image-2025-08-23-at-13.45.15-1.jpeg\" alt=\"\" width=\"720\" height=\"720\" \/><\/p>\n<p style=\"text-align: center;\"><span style=\"color: #ff0000; font-family: arial black, sans-serif; font-size: large;\">COMPASS<\/span><\/p>\n<p style=\"text-align: center;\"><span style=\"color: #ff0000; font-family: arial black, sans-serif; font-size: large;\">AUDLEY UV9060 UV BASKI MAK\u0130NES\u0130<\/span><\/p>\n<p style=\"text-align: center;\"><span style=\"color: #ff0000; font-family: arial black, sans-serif; font-size: large;\">TX800 KAFA F\u0130YATI DAH\u0130L 11.500 USD<\/span><\/p>\n<p style=\"text-align: center;\"><span style=\"color: #ff0000; font-family: arial black, sans-serif; font-size: large;\">\u01303200 KAFA F\u0130YATI DAH\u0130L 17.000USD TOPLAM 3 KAFA<\/span><\/p>\n<p style=\"text-align: center;\"><span style=\"color: #ff0000; font-family: arial black, sans-serif; font-size: large;\">60&#215;90 cm bask\u0131 alan\u0131<\/span><\/p>\n<p style=\"text-align: center;\"><span style=\"color: #ff0000; font-family: arial black, sans-serif; font-size: large;\">metal, ah\u015fap, deri, akrilik, cam, seramik gibi bir\u00e7ok farkl\u0131 malzemeye bask\u0131<\/span><\/p>\n<p style=\"text-align: center;\"><span style=\"color: #ff0000; font-family: arial black, sans-serif; font-size: large;\">G\u00f6rsel konumlama \u00f6zellikli, tam otomatik sistemli, end\u00fcstriyel kullan\u0131ma uygun<\/span><\/p>\n<p>&nbsp;<\/p>\n<p style=\"text-align: center;\">Teknik \u00d6zellikler:<\/p>\n<p><img loading=\"lazy\" decoding=\"async\" class=\"aligncenter size-full wp-image-1081\" src=\"http:\/\/www.compassreklam.com\/wp-content\/uploads\/2025\/08\/AUDLEY-9060.png\" alt=\"\" width=\"898\" height=\"522\" \/><\/p>\n<p style=\"text-align: center;\"><strong>\u00a0Ek Bilgiler:<\/strong><\/p>\n<p style=\"text-align: center;\"><strong>\u00c7ok fonksiyonlu ve end\u00fcstriyel kullan\u0131ma uygun<\/strong><\/p>\n<p style=\"text-align: center;\"><strong>\u00a0\u0130leti\u015fim: Detayl\u0131 bilgi<\/strong><\/p>\n<div class=\"position-relative wp-block-kubio-iconlistitem__text-wrapper style-l7_WCtyM8G-text-wrapper style-local-25-text-wrapper\" style=\"text-align: center;\"><strong><span class=\"position-relative wp-block-kubio-iconlistitem__text style-l7_WCtyM8G-text style-local-25-text\">+90 553 467 8607<\/span><\/strong><\/div>\n","protected":false},"excerpt":{"rendered":"<p style=\"text-align: center;\"><span style=\"color: #ff0000; font-family: arial black, sans-serif; font-size: large;\">COMPASS<\/span><\/p>\n<p style=\"text-align: center;\"><span style=\"color: #ff0000; font-family: arial black, sans-serif; font-size: large;\">AUDLEY UV9060 UV BASKI MAK\u0130NES\u0130<\/span><\/p>\n<p style=\"text-align: center;\"><span style=\"color: #ff0000; font-family: arial black, sans-serif; font-size: large;\">TX800 KAFA F\u0130YATI DAH\u0130L 11.500 USD<\/span><\/p>\n<p style=\"text-align: center;\"><span style=\"color: #ff0000; font-family: arial black, sans-serif; font-size: large;\">\u01303200 KAFA F\u0130YATI DAH\u0130L 17.000USD TOPLAM 3 KAFA<\/span><\/p>\n<p style=\"text-align: center;\"><span style=\"color: #ff0000; font-family: arial black, sans-serif; font-size: large;\">60&#215;90 cm bask\u0131 alan\u0131<\/span><\/p>\n<p style=\"text-align: center;\"><span style=\"color: #ff0000; font-family: arial black, sans-serif; font-size: large;\">metal, ah\u015fap, deri, akrilik, cam, seramik gibi bir\u00e7ok farkl\u0131 malzemeye bask\u0131<\/span><\/p>\n<p style=\"text-align: center;\"><span style=\"color: #ff0000; font-family: arial black, sans-serif; font-size: large;\">G\u00f6rsel konumlama \u00f6zellikli, tam otomatik sistemli, end\u00fcstriyel kullan\u0131ma uygun<\/span><\/p>\n","protected":false},"featured_media":1221,"comment_status":"open","ping_status":"closed","template":"","meta":{"saved_in_kubio":false},"product_brand":[28],"product_cat":[29],"product_tag":[30,31,32,33,34,35,36,37,38,39,40],"class_list":{"0":"post-1293","1":"product","2":"type-product","3":"status-publish","4":"has-post-thumbnail","6":"product_brand-compass","7":"product_cat-baski-makineleri","8":"product_tag-10-yil-parca-temin-garantisi","9":"product_tag-7-24-teknik-destek","10":"product_tag-baski-teknolojisi","11":"product_tag-dijital-baski-makinesi","12":"product_tag-eco-solvent","13":"product_tag-endustriyel-baski","14":"product_tag-hizli-baski","15":"product_tag-i3200-kafali-makine","16":"product_tag-kredi-karti-taksit","17":"product_tag-ucretsiz-kurulum","18":"product_tag-yuksek-cozunurluk","20":"first","21":"instock","22":"sale","23":"shipping-taxable","24":"purchasable","25":"product-type-simple"},"jetpack_sharing_enabled":true,"_links":{"self":[{"href":"https:\/\/folyokesimmakinesi.com\/index.php\/wp-json\/wp\/v2\/product\/1293","targetHints":{"allow":["GET"]}}],"collection":[{"href":"https:\/\/folyokesimmakinesi.com\/index.php\/wp-json\/wp\/v2\/product"}],"about":[{"href":"https:\/\/folyokesimmakinesi.com\/index.php\/wp-json\/wp\/v2\/types\/product"}],"replies":[{"embeddable":true,"href":"https:\/\/folyokesimmakinesi.com\/index.php\/wp-json\/wp\/v2\/comments?post=1293"}],"wp:featuredmedia":[{"embeddable":true,"href":"https:\/\/folyokesimmakinesi.com\/index.php\/wp-json\/wp\/v2\/media\/1221"}],"wp:attachment":[{"href":"https:\/\/folyokesimmakinesi.com\/index.php\/wp-json\/wp\/v2\/media?parent=1293"}],"wp:term":[{"taxonomy":"product_brand","embeddable":true,"href":"https:\/\/folyokesimmakinesi.com\/index.php\/wp-json\/wp\/v2\/product_brand?post=1293"},{"taxonomy":"product_cat","embeddable":true,"href":"https:\/\/folyokesimmakinesi.com\/index.php\/wp-json\/wp\/v2\/product_cat?post=1293"},{"taxonomy":"product_tag","embeddable":true,"href":"https:\/\/folyokesimmakinesi.com\/index.php\/wp-json\/wp\/v2\/product_tag?post=1293"}],"curies":[{"name":"wp","href":"https:\/\/api.w.org\/{rel}","templated":true}]}}