{"id":1295,"date":"2025-08-30T11:03:09","date_gmt":"2025-08-30T08:03:09","guid":{"rendered":"https:\/\/www.compassreklam.com\/?post_type=product&amp;p=1034"},"modified":"2025-08-30T11:03:09","modified_gmt":"2025-08-30T08:03:09","slug":"33x40-otomatik-beslemeli-etiket-kesim-makinesi-2","status":"publish","type":"product","link":"https:\/\/folyokesimmakinesi.com\/index.php\/urun\/33x40-otomatik-beslemeli-etiket-kesim-makinesi-2\/","title":{"rendered":"33X40 OTOMATIK BESLEMEL\u0130 ET\u0130KET KES\u0130M MAK\u0130NES\u0130"},"content":{"rendered":"<h2 style=\"text-align: center;\"><strong style=\"font-family: inherit; letter-spacing: -0.02em;\">COMPASS 33X40 OTOMAT\u0130K BESLEMEL\u0130 ET\u0130KET KESiM MAK\u0130NES\u0130<\/strong><\/h2>\n<h2 style=\"text-align: center;\"><img loading=\"lazy\" decoding=\"async\" class=\"aligncenter size-full wp-image-1041\" src=\"http:\/\/www.compassreklam.com\/wp-content\/uploads\/2025\/08\/fs350dc-a3-auto-feeding-vinyl-cutter-servof952573a-fccf-4223-ac56-ac4400561142.jpeg\" alt=\"\" width=\"730\" height=\"548\" \/><img loading=\"lazy\" decoding=\"async\" class=\"aligncenter size-full wp-image-1075\" src=\"http:\/\/www.compassreklam.com\/wp-content\/uploads\/2025\/08\/A3-PLOTTER-.png\" alt=\"\" width=\"1000\" height=\"428\" \/><\/h2>\n<p style=\"text-align: center;\"><strong><span class=\"a_GcMg font-feature-liga-off font-feature-clig-off font-feature-calt-off text-decoration-none text-strikethrough-none\">Entegre tas\u0131y\u0131c\u0131 kafa yap\u0131s\u0131, g\u00fc\u00e7l\u00fc ve y\u00fcksek hassasiyetli<\/span><\/strong><\/p>\n<p style=\"text-align: center;\"><strong><span class=\"a_GcMg font-feature-liga-off font-feature-clig-off font-feature-calt-off text-decoration-none text-strikethrough-none\">Dokunmatik ekran sayesinde kolay kullan\u0131m<\/span><\/strong><\/p>\n<p style=\"text-align: center;\"><strong><span class=\"a_GcMg font-feature-liga-off font-feature-clig-off font-feature-calt-off text-decoration-none text-strikethrough-none\">\u00d6zel sabit kag\u0131t besleme sistemi<\/span><\/strong><\/p>\n<p style=\"text-align: center;\"><strong><span class=\"a_GcMg font-feature-liga-off font-feature-clig-off font-feature-calt-off text-decoration-none text-strikethrough-none\">Otomatik kontur konumland\u0131rma sistemi<\/span><\/strong><\/p>\n<p style=\"text-align: center;\"><strong><span class=\"a_GcMg font-feature-liga-off font-feature-clig-off font-feature-calt-off text-decoration-none text-strikethrough-none\">Otomatik kag\u0131t alg\u0131lama sistemi<\/span><\/strong><\/p>\n<p style=\"text-align: center;\"><strong><span class=\"a_GcMg font-feature-liga-off font-feature-clig-off font-feature-calt-off text-decoration-none text-strikethrough-none\">Y\u00fcksek hassasiyetli kontur kesimi<\/span><\/strong><\/p>\n<h2 style=\"text-align: center;\"><\/h2>\n","protected":false},"excerpt":{"rendered":"<h2 style=\"text-align: center;\"><strong style=\"font-family: inherit; letter-spacing: -0.02em;\">COMPASS 33X40 OTOMAT\u0130K BESLEMEL\u0130 ET\u0130KET KES\u0130M MAK\u0130NES\u0130<\/strong><\/h2>\n<p style=\"text-align: center;\"><span class=\"a_GcMg font-feature-liga-off font-feature-clig-off font-feature-calt-off text-decoration-none text-strikethrough-none\">Entegre tas\u0131y\u0131c\u0131 kafa yap\u0131s\u0131, g\u00fc\u00e7l\u00fc ve y\u00fcksek hassasiyetli<\/span><\/p>\n<p style=\"text-align: center;\"><span class=\"a_GcMg font-feature-liga-off font-feature-clig-off font-feature-calt-off text-decoration-none text-strikethrough-none\">Dokunmatik ekran sayesinde kolay kullan\u0131m<\/span><\/p>\n<p style=\"text-align: center;\"><span class=\"a_GcMg font-feature-liga-off font-feature-clig-off font-feature-calt-off text-decoration-none text-strikethrough-none\">\u00d6zel sabit kag\u0131t besleme sistemi<\/span><\/p>\n<p style=\"text-align: center;\"><span class=\"a_GcMg font-feature-liga-off font-feature-clig-off font-feature-calt-off text-decoration-none text-strikethrough-none\">Otomatik kontur konumland\u0131rma sistemi<\/span><\/p>\n<p style=\"text-align: center;\"><span class=\"a_GcMg font-feature-liga-off font-feature-clig-off font-feature-calt-off text-decoration-none text-strikethrough-none\">Otomatik kag\u0131t alg\u0131lama sistemi<\/span><\/p>\n<p style=\"text-align: center;\"><span class=\"a_GcMg font-feature-liga-off font-feature-clig-off font-feature-calt-off text-decoration-none text-strikethrough-none\">Y\u00fcksek hassasiyetli kontur kesimi<\/span><\/p>\n","protected":false},"featured_media":1243,"comment_status":"open","ping_status":"closed","template":"","meta":{"saved_in_kubio":false},"product_brand":[28],"product_cat":[22],"product_tag":[23,24,25,26,27],"class_list":{"0":"post-1295","1":"product","2":"type-product","3":"status-publish","4":"has-post-thumbnail","6":"product_brand-compass","7":"product_cat-plotter-folyo-kesici","8":"product_tag-compassreklam-eniyiplotter-plotteral-folyokesimmakinesial-reklamicinplotter-yenimodelplotter-kesimmakinesi2025","9":"product_tag-folyokesimmakinesi-plottermakinesi-folyokesim-vinilkesimmakinesi-reklammakinesi-kesimplotter-plottercihazi-reklammalzemeleri-dijitalbaski-folyokesici","10":"product_tag-plotterkesim-folyobaski-reklamkesimmakinesi-plotterfolyo-kesimmakinesi-plotterteknolojisi-kesimplottermakinesi-folyouygulama","11":"product_tag-reklamcilar-tabelaustasi-dijitalbaskici-antalyareklam-istanbulreklam-turkiyereklam-matbaamalzemeleri-reklamsektoru","12":"product_tag-servomotorplotter","14":"first","15":"instock","16":"sale","17":"shipping-taxable","18":"purchasable","19":"product-type-simple"},"jetpack_sharing_enabled":true,"_links":{"self":[{"href":"https:\/\/folyokesimmakinesi.com\/index.php\/wp-json\/wp\/v2\/product\/1295","targetHints":{"allow":["GET"]}}],"collection":[{"href":"https:\/\/folyokesimmakinesi.com\/index.php\/wp-json\/wp\/v2\/product"}],"about":[{"href":"https:\/\/folyokesimmakinesi.com\/index.php\/wp-json\/wp\/v2\/types\/product"}],"replies":[{"embeddable":true,"href":"https:\/\/folyokesimmakinesi.com\/index.php\/wp-json\/wp\/v2\/comments?post=1295"}],"wp:featuredmedia":[{"embeddable":true,"href":"https:\/\/folyokesimmakinesi.com\/index.php\/wp-json\/wp\/v2\/media\/1243"}],"wp:attachment":[{"href":"https:\/\/folyokesimmakinesi.com\/index.php\/wp-json\/wp\/v2\/media?parent=1295"}],"wp:term":[{"taxonomy":"product_brand","embeddable":true,"href":"https:\/\/folyokesimmakinesi.com\/index.php\/wp-json\/wp\/v2\/product_brand?post=1295"},{"taxonomy":"product_cat","embeddable":true,"href":"https:\/\/folyokesimmakinesi.com\/index.php\/wp-json\/wp\/v2\/product_cat?post=1295"},{"taxonomy":"product_tag","embeddable":true,"href":"https:\/\/folyokesimmakinesi.com\/index.php\/wp-json\/wp\/v2\/product_tag?post=1295"}],"curies":[{"name":"wp","href":"https:\/\/api.w.org\/{rel}","templated":true}]}}